{"id":8,"date":"2015-11-11T08:36:54","date_gmt":"2015-11-11T07:36:54","guid":{"rendered":"http:\/\/www.ln4solutions.com\/ln4\/?page_id=8"},"modified":"2023-04-14T08:53:20","modified_gmt":"2023-04-14T06:53:20","slug":"tjanster","status":"publish","type":"page","link":"https:\/\/www.ln4solutions.com\/ln4\/tjanster\/","title":{"rendered":"Tj\u00e4nster"},"content":{"rendered":"\n<h2 class=\"wp-block-heading\"><\/h2>\n\n\n\n<p>Ln4 Solutions AB erbjuder tj\u00e4nster och programvara f\u00f6r att skapa ordning hos organisationer som vill anv\u00e4nda styrning av sin verksamhet genom att till\u00e4mpa projekt.<\/p>\n\n\n\n<ul class=\"wp-block-list\">\n<li><strong>PT till projektledare<\/strong><\/li>\n<\/ul>\n\n\n\n<p>Utbildning i projektstyrning med till\u00e4mpning p\u00e5 projektledarens riktiga projekt.&nbsp;<\/p>\n\n\n\n<ul class=\"wp-block-list\">\n<li><strong>Tj\u00e4nsten projektkontorsfunktion som en SaaS<\/strong><\/li>\n<\/ul>\n\n\n\n<p>Skapar en strukturerad och etablerad organisation av entrepren\u00f6rsstyrda f\u00f6retag.<\/p>\n\n\n\n<p>Ger full transparens till styrelser och investerare om p\u00e5g\u00e5ende projekt och verksamhet.<\/p>\n\n\n\n<ul class=\"wp-block-list\">\n<li><strong>Due Diligence: Support till Styrelse och finansi\u00e4rer genom att redovisa en transparent bild av den verksamheten.<\/strong><\/li>\n<\/ul>\n\n\n\n<p>Organiation: Finns aff\u00e4rsomr\u00e5den, kostnadsst\u00e4llen och portf\u00f6ljstyrning?<\/p>\n\n\n\n<p>Status p\u00e5 p\u00e5g\u00e5ende projekt.<\/p>\n\n\n\n<p>Resurseffektivitet och produktivitet samt planerad betald bel\u00e4ggning. &nbsp;<\/p>\n\n\n\n<ul class=\"wp-block-list\">\n<li><strong>Analys av projektmognaden: Ad hoc, Definierad eller Till\u00e4mpad?<\/strong><\/li>\n<\/ul>\n\n\n\n<p>Denna analys g\u00f6rs per projekt.<\/p>\n\n\n\n<ul class=\"wp-block-list\">\n<li><strong>Analys av Resurseffektivitet: Hur stor andel av arbetstiden som anv\u00e4nds till v\u00e4rdeskapandet?<\/strong><\/li>\n<\/ul>\n\n\n\n<p>Planerad och anv\u00e4nd tid som anv\u00e4nds f\u00f6r budgeterade v\u00e4rde\u00e4ndam\u00e5l.<\/p>\n\n\n\n<p><strong>V\u00e5rt l\u00f6fte \u00e4r<\/strong>:<\/p>\n\n\n\n<ul class=\"wp-block-list\">\n<li>Full kontroll \u00f6ver resurskapacitets- och bel\u00e4ggningsplanering mot projekt inom sex till \u00e5tta veckor.<\/li>\n\n\n\n<li>Inom fyra till sex kalenderm\u00e5nader kommer alla projekt till\u00e4mpa styrning och progressrapportering enligt ISO21500<\/li>\n<\/ul>\n\n\n\n<div class=\"wp-block-columns is-layout-flex wp-container-core-columns-is-layout-9d6595d7 wp-block-columns-is-layout-flex\">\n<div class=\"wp-block-column is-layout-flow wp-block-column-is-layout-flow\" style=\"flex-basis:100%\">\n<figure class=\"wp-block-image is-resized is-style-default\"><a href=\"http:\/\/www.ln4solutions.com\/wp-content\/uploads\/2015\/11\/tj\u00e4nster.jpg\"><img loading=\"lazy\" decoding=\"async\" src=\"http:\/\/www.ln4solutions.com\/wp-content\/uploads\/2015\/11\/tj\u00e4nster.jpg\" alt=\"tj\u00e4nster\" class=\"wp-image-9\" width=\"525\" height=\"472\" srcset=\"https:\/\/www.ln4solutions.com\/ln4\/wp-content\/uploads\/2015\/11\/tj\u00e4nster.jpg 899w, https:\/\/www.ln4solutions.com\/ln4\/wp-content\/uploads\/2015\/11\/tj\u00e4nster-300x270.jpg 300w\" sizes=\"auto, (max-width: 525px) 100vw, 525px\" \/><\/a><\/figure>\n\n\n\n<div class=\"wp-block-columns is-layout-flex wp-container-core-columns-is-layout-9d6595d7 wp-block-columns-is-layout-flex\">\n<div class=\"wp-block-column is-layout-flow wp-block-column-is-layout-flow\"><\/div>\n\n\n\n<div class=\"wp-block-column is-layout-flow wp-block-column-is-layout-flow\"><\/div>\n<\/div>\n<\/div>\n<\/div>\n\n\n\n<p>Ovanst\u00e5ende diagram utg\u00f6r ett exempel p\u00e5 utg\u00e5ngspunkt och m\u00e5ls\u00e4ttning f\u00f6r f\u00f6rb\u00e4ttringsarbetet som, leder till \u00f6kad projektmognad.<\/p>\n","protected":false},"excerpt":{"rendered":"<p>Ln4 Solutions AB erbjuder tj\u00e4nster och programvara f\u00f6r att skapa ordning hos organisationer som vill anv\u00e4nda styrning av sin verksamhet genom att till\u00e4mpa projekt. Utbildning i projektstyrning med till\u00e4mpning p\u00e5 projektledarens riktiga projekt.&nbsp; Skapar en strukturerad och etablerad organisation av entrepren\u00f6rsstyrda f\u00f6retag. Ger full transparens till styrelser och investerare om p\u00e5g\u00e5ende projekt och verksamhet. Organiation:&hellip;&nbsp;<a href=\"https:\/\/www.ln4solutions.com\/ln4\/tjanster\/\" class=\"\" rel=\"bookmark\">L\u00e4s mer &raquo;<span class=\"screen-reader-text\">Tj\u00e4nster<\/span><\/a><\/p>\n","protected":false},"author":1,"featured_media":0,"parent":0,"menu_order":4,"comment_status":"closed","ping_status":"closed","template":"","meta":{"neve_meta_sidebar":"","neve_meta_container":"","neve_meta_enable_content_width":"","neve_meta_content_width":0,"neve_meta_title_alignment":"","neve_meta_author_avatar":"","neve_post_elements_order":"","neve_meta_disable_header":"","neve_meta_disable_footer":"","neve_meta_disable_title":"","_themeisle_gutenberg_block_has_review":false,"_ti_tpc_template_sync":false,"_ti_tpc_template_id":"","footnotes":""},"class_list":["post-8","page","type-page","status-publish","hentry"],"_links":{"self":[{"href":"https:\/\/www.ln4solutions.com\/ln4\/wp-json\/wp\/v2\/pages\/8","targetHints":{"allow":["GET"]}}],"collection":[{"href":"https:\/\/www.ln4solutions.com\/ln4\/wp-json\/wp\/v2\/pages"}],"about":[{"href":"https:\/\/www.ln4solutions.com\/ln4\/wp-json\/wp\/v2\/types\/page"}],"author":[{"embeddable":true,"href":"https:\/\/www.ln4solutions.com\/ln4\/wp-json\/wp\/v2\/users\/1"}],"replies":[{"embeddable":true,"href":"https:\/\/www.ln4solutions.com\/ln4\/wp-json\/wp\/v2\/comments?post=8"}],"version-history":[{"count":7,"href":"https:\/\/www.ln4solutions.com\/ln4\/wp-json\/wp\/v2\/pages\/8\/revisions"}],"predecessor-version":[{"id":1804,"href":"https:\/\/www.ln4solutions.com\/ln4\/wp-json\/wp\/v2\/pages\/8\/revisions\/1804"}],"wp:attachment":[{"href":"https:\/\/www.ln4solutions.com\/ln4\/wp-json\/wp\/v2\/media?parent=8"}],"curies":[{"name":"wp","href":"https:\/\/api.w.org\/{rel}","templated":true}]}}